1
What is the hundred thousands digit of 368038428?
0
What is the millions digit of 6644184570?
4
What is the thousands digit of 52384612?
4
What is the tens digit of 575440696?
9
What is the units digit of 900210431?
1
What is the hundreds digit of 222255268?
2
What is the hundred millions digit of 3593735706?
5
What is the ten millions digit of 3519085550?
1
What is the ten thousands digit of 64611102?
1
What is the ten millions digit of 271285382?
7
What is the thousands digit of 75850432?
0
What is the tens digit of 71240356?
5
What is the tens digit of 260316442?
4
What is the millions digit of 80691775?
0
What is the hundreds digit of 97310825?
8
What is the ten thousands digit of 38946545?
4
What is the tens digit of 51376924?
2
What is the hundred millions digit of 298359904?
2
What is the hundred thousands digit of 998709?
9
What is the units digit of 101488709?
9
What is the tens digit of 765916094?
9
What is the hundreds digit of 31609142?
1
What is the tens digit of 564544335?
3
What is the millions digit of 1137201584?
7
What is the ten millions digit of 1260031152?
6
What is the ten millions digit of 268545734?
6
What is the ten millions digit of 25950834?
2
What is the tens digit of 499844692?
9
What is the hundred millions digit of 141128229?
1
What is the ten thousands digit of 567910?
6
What is the ten millions digit of 1486352510?
8
What is the hundreds digit of 7511671?
6
What is the ten millions digit of 367676106?
6
What is the thousands digit of 580314893?
4
What is the billions digit of 1336286333?
1
What is the ten millions digit of 513276091?
1
What is the millions digit of 3202431245?
2
What is the units digit of 16619441?
1
What is the tens digit of 3912735519?
1
What is the millions digit of 370039294?
0
What is the ten millions digit of 617553919?
1
What is the hundreds digit of 58606614?
6
What is the hundred millions digit of 118782434?
1
What is the hundreds digit of 1740416500?
5
What is the millions digit of 2448540401?
8
What is the hundred millions digit of 392809781?
3
What is the hundred thousands digit of 1845920229?
9
What is the hundred millions digit of 355853171?
3
What is the thousands digit of 575774511?
4
What is the hundred millions digit of 2177939919?
1
What is the units digit of 46663827?
7
What is the hundreds digit of 20889600?
6
What is the billions digit of 2140405974?
2
What is the millions digit of 243700382?
3
What is the hundreds digit of 56506209?
2
What is the ten thousands digit of 3292794906?
9
What is the ten millions digit of 336913275?
3
What is the ten thousands digit of 163386129?
8
What is the millions digit of 2376648840?
6
What is the thousands digit of 163640438?
0
What is the hundred thousands digit of 3224117184?
1
What is the ten millions digit of 1399686423?
9
What is the ten millions digit of 32816829?
3
What is the millions digit of 1645501970?
5
What is the units digit of 269147397?
7
What is the tens digit of 62025899?
9
What is the hundred thousands digit of 335174988?
1
What is the thousands digit of 55660239?
0
What is the hundred millions digit of 816393375?
8
What is the hundred millions digit of 5624807906?
6
What is the ten millions digit of 50124677?
5
What is the hundred thousands digit of 2904519106?
5
What is the hundred thousands digit of 85737340?
7
What is the units digit of 344917271?
1
What is the ten thousands digit of 86371708?
7
What is the hundred millions digit of 5932670590?
9
What is the tens digit of 242735291?
9
What is the hundred millions digit of 340412533?
3
What is the millions digit of 40995331?
0
What is the ten millions digit of 354475546?
5
What is the ten millions digit of 635110683?
3
What is the thousands digit of 2111289294?
9
What is the thousands digit of 3123077?
3
What is the millions digit of 83256593?
3
What is the thousands digit of 3971855493?
5
What is the tens digit of 105507688?
8
What is the ten millions digit of 3050061478?
5
What is the tens digit of 78526142?
4
What is the thousands digit of 416504094?
4
What is the units digit of 25894622?
2
What is the millions digit of 39925539?
9
What is the hundred thousands digit of 50762395?
7
What is the ten millions digit of 478624067?
7
What is the units digit of 43604221?
1
What is the ten millions digit of 83476533?
8
What is the hundred millions digit of 161434493?
1
What is the ten thousands digit of 361566457?
6
What is the thousands digit of 69506666?
6
What is the hundred thousands digit of 2922342310?
3
What is the units digit of 4078824974?
4
What is the hundred thousands digit of 169445146?
4
What is the hundred millions digit of 224572145?
2
What is the hundred thousands digit of 24295549?
2
What is the hundreds digit of 7922009?
0
What is the millions digit of 16199269?
6
What is the tens digit of 198860238?
3
What is the hundred thousands digit of 493431581?
4
What is the ten millions digit of 641309817?
4
What is the millions digit of 20495710?
0
What is the thousands digit of 1957017168?
7
What is the tens digit of 158540061?
6
What is the ten thousands digit of 29904198?
0
What is the hundred thousands digit of 44666557?
6
What is the millions digit of 65936154?
5
What is the hundred millions digit of 2289117767?
2
What is the millions digit of 2599127470?
9
What is the ten thousands digit of 647776791?
7
What is the units digit of 248821790?
0
What is the ten thousands digit of 876112641?
1
What is the thousands digit of 5788646?
8
What is the billions digit of 1796315422?
1
What is the hundreds digit of 41631908?
9
What is the billions digit of 1100901789?
1
What is the units digit of 81776420?
0
What is the tens digit of 219721848?
4
What is the ten thousands digit of 3338818897?
1
What is the tens digit of 27698185?
8
What is the hundred thousands digit of 772464272?
4
What is the tens digit of 1853449834?
3
What is the millions digit of 440276497?
0
What is the tens digit of 205254219?
1
What is the ten thousands digit of 624490426?
9
What is the tens digit of 1431706224?
2
What is the millions digit of 26928629?
6
What is the thousands digit of 301814991?
4
What is the units digit of 43946099?
9
What is the ten thousands digit of 13541254?
4
What is the hundreds digit of 888006802?
8
What is the hundred millions digit of 1115129622?
1
What is the billions digit of 2469648693?
2
What is the hundreds digit of 34052650?
6
What is the units digit of 1494728116?
6
What is the ten thousands digit of 838814119?
1
What is the tens digit of 70930641?
4
What is the units digit of 23116907?
7
What is the thousands digit of 56409908?
9
What is the ten thousands digit of 29443320?
4
What is the hundred thousands digit of 194035617?
0
What is the hundred thousands digit of 2183362007?
3
What is the hundred millions digit of 2890321261?
8
What is the tens digit of 1668557941?
4
What is the ten millions digit of 1782194647?
8
What is the ten thousands digit of 710428929?
2
What is the hundreds digit of 23458554?
5
What is the millions digit of 46089653?
6
What is the ten thousands digit of 107576214?
7
What is the tens digit of 65439871?
7
What is the hundred millions digit of 613597730?
6
What is the millions digit of 3518416820?
8
What is the units digit of 33399866?
6
What is the hundred thousands digit of 5953764654?
7
What is the billions digit of 6840004550?
6
What is the hundred thousands digit of 4616901895?
9
What is the hundred thousands digit of 220226458?
2
What is the hundred thousands digit of 48359046?
3
What is the tens digit of 458118148?
4
What is the tens digit of 10220982?
8
What is the thousands digit of 80549947?
9
What is the units digit of 85469912?
2
What is the millions digit of 3017004735?
7
What is the hundred thousands digit of 479542788?
5
What is the units digit of 5459770167?
7
What is the hundred thousands digit of 23924825?
9
What is the ten millions digit of 934534805?
3
What is the thousands digit of 361241914?
1
What is the hundreds digit of 20630451?
4
What is the tens digit of 1678093827?
2
What is the ten thousands digit of 255527916?
2
What is the thousands digit of 228993025?
3
What is the tens digit of 633290905?
0
What is the hundred millions digit of 5072801055?
0
What is the hundred millions digit of 431289864?
4
